4*r - 2*i + 7. Let g(d) = -4*d + 10. Calculate g(r).
-22
Let s be 7*(2/(-2))/1. Let i(z) = -z**3 - z**2 - 4*z**2 - z**2 + 3*z + 10 + 3*z. Determine i(s).
17
Let n(z) be the third derivative of -z**6/120 + z**4/12 + z**3/6 - 55*z**2. Let j(s) = s**3 + 3*s**2 + 2*s - 2. Let f be j(-2). Determine n(f).
5
Let x(z) = -32*z - 5. Let g(l) = 69*l + 10. Let f(a) = 6*g(a) + 13*x(a). Calculate f(4).
-13
Let j(d) = d**2 - d + 2. Let c(u) = -u**3 - u**2 - 2*u - 6. Let l(g) = c(g) + j(g). Determine l(-3).
32
Let k(v) = 2 + 31*v - 29*v + 3*v**2 - 4*v**2. Calculate k(3).
-1
Let g(h) = 9*h**2 + 3*h**2 + h**3 - 5*h - 2 - 11*h**2. Let n(y) = y**2 - 12*y - 9. Let i be n(13). Suppose 0 = -0*z - z - 2*m + 3, i*m = -4*z. What is g(z)?
-5
Let q(t) = -t**3 + t**2 - 2*t - 1. Let z be q(2). Let c(w) = -w**3 - 8*w**2 + 8*w - 4. Let x be c(z). Let h(l) = l**2 - 7*l + 7. Calculate h(x).
-3
Suppose u - 2 - 34 = 0. Suppose 3*o - 6*o = -u. Suppose k = 4*k + o. Let q(j) = -j + 3. Give q(k).
7
Let l(d) = -11*d**2 + 4*d + 12. Let m(a) = -13*a**2 + 5*a + 13. Let h(q) = -6*l(q) + 5*m(q). Determine h(3).
5
Suppose 0 = 16*k + 21 + 75. Let o(t) = -5*t - 31. Let l be o(k). Let d(y) = -y - 1. Give d(l).
0
Let a(z) be the third derivative of -z**4/24 + 2*z**3 + 2*z**2. Let g be -1 + ((-640)/8)/(-10). What is a(g)?
5
Let r(s) = s**2 - 5*s. Suppose 3*i - u = 4*u + 22, -5*u + 48 = 2*i. Suppose 4*c - 2*c = -2*y + i, c = 3*y - 5. Determine r(c).
-4
Let t(b) = 40*b + b**2 + b**3 - 16*b - 17*b + 4*b**2 + 10. Calculate t(-4).
-2
Let p(n) = 6*n + 6. Let g(b) = 5*b + 5. Let x(m) = 7*g(m) - 6*p(m). Let v be 125/(-20) + 15/12. Determine x(v).
4
Let d(a) be the third derivative of a**5/60 - a**4/24 - a**3/3 + 61*a**2 + 3*a. Determine d(-2).
4
Let g(t) = -t + 7 + 0 - t**2 - 5 + t**3. Suppose -21 = 2*c + 5*q, -8*c + 20 = -3*c - 2*q. Determine g(c).
4
Let a(q) = q**3 + 3*q**2 - 2*q + 5. Let m = 9 + -5. Let s be 30 + (0 - m/2). Suppose j = l - 1, 7*j - 3*j + 4*l = -s. Determine a(j).
-3
Suppose 5*r = -16 + 76. Let x(w) = -w**3 + 12*w**2 - w + 9. Determine x(r).
-3
Let s(c) = -c**3 - c**2 + c. Let m(h) = -4*h**3 - 4*h**2 - 6*h**2 + 8*h - 197 + 201. Let j(f) = -m(f) + 5*s(f). Let l = -5 + 9. Determine j(l).
0
Let u(r) = 19*r + 1. Suppose -18*c + 2 = 2*y - 20*c, -2*y = 3*c - 2. Determine u(y).
20
Let v(t) = -t**2 - t. Let m(u) = u**3 - u**2 - u - 10. Let s(r) = -m(r) + v(r). Suppose -4*j = 4*l + 16, -11 = 5*j + 3*l + 1. Give s(j).
10
Let z = 35 - -20. Let j = 49 - z. Let p(m) = m**3 + 6*m**2 - 3*m - 8. Calculate p(j).
10
Let q(c) be the first derivative of c**4/2 - 2*c**3/3 - 2*c + 45. Let t be 12/3*2/4. Calculate q(t).
6
Let u(a) be the first derivative of -a**7/840 - a**6/90 + a**5/24 - a**4/4 + 4*a**3 + 13. Let q(s) be the third derivative of u(s). Give q(-5).
-6
Let o(d) be the second derivative of -d**4/4 + d**2/2 - 2*d - 50. Calculate o(-2).
-11
Let w(m) = -3*m**2 + 53*m - 77. Let a(g) = -g**2 + 18*g - 26. Let x(u) = 17*a(u) - 6*w(u). Calculate x(9).
-7
Let t(w) = -w**3 + 12*w**2 - 2*w + 21. Let q be t(12). Let v(a) = 9*a**2 + 3*a + 2. Let s(i) = 8*i**2 + 2*i + 1. Let d(b) = q*s(b) + 2*v(b). Determine d(1).
-5
Let q(v) be the first derivative of v**4/4 + 8*v**3/3 + 5*v**2 + 5*v - 946. What is q(-6)?
17
Suppose -15 = -r - 2*u, -4*r + u + 8 + 7 = 0. Let g(m) = 0*m - 11 + 3*m + m - 3*m. Give g(r).
-6
Let q(m) be the second derivative of -m**3/6 - m**2 + 3*m. Suppose -4*f - 2*z - 22 = 0, 0 = -3*f - z - 6 - 9. What is q(f)?
2
Let l(o) = -4*o + 4. Suppose 4*r - r + 12 = 0. Let b = 0 - r. Calculate l(b).
-12
Let d(z) = -2*z - 3. Let q be d(3). Let l = q + -7. Let i be 4/l*0 - 3. Let n(v) = -v**2 + 1. Give n(i).
-8
Let a(h) be the third derivative of 0 - 1/60*h**5 - 4*h**2 + 1/6*h**3 - 1/24*h**4 + 0*h - 1/120*h**6. Determine a(2).
-13
Let g(i) be the third derivative of -7*i**4/24 + i**3/2 - i**2. Let y(k) = 2*k**2 + 3*k + 2. Let r be y(-2). Suppose r = 11*d - 9*d. What is g(d)?
-11
Let z = -47 - -65. Let v(p) = z - 31 + 12 + 2*p. Calculate v(4).
7
Let c(d) = 4*d**2 + 4*d + 2. Let t(o) = o**3 + 31*o**2 + 57*o - 32. Let l be t(-29). Calculate c(l).
26
Let n(p) = p. Suppose 0 = 2*u - 18 + 14. Let s be -1*-1*u*6/3. Calculate n(s).
4
Suppose -56 = -4*r + 5*y, 3*y = -5*r - 10 + 43. Suppose 12*l = 9*l + r. Let u(o) = -o**l - 3*o**2 - 2 - 1 + 2*o + 4. What is u(-4)?
9
Let i(b) = -6*b + 3. Let r(u) = u**3 + u**2 - 8*u - 9. Let o be r(-2). Give i(o).
-15
Let z(w) = w + 1. Let p = 2 + -1. Let a(j) = -8*j - 2. Let l(g) = p*a(g) + 4*z(g). Let k(x) = 8*x**3 - 31*x**2 - 3*x - 1. Let s be k(4). Determine l(s).
-10
Let w(r) be the first derivative of -r**3/3 + 18*r - 98. Determine w(0).
18
Let y(w) be the second derivative of w**4/6 + 4*w**3/3 + w**2 - w + 17. Determine y(-4).
2
Let d(c) be the second derivative of 1/20*c**5 - 39*c + 1/2*c**4 + c**3 + 0 + 2*c**2. Determine d(-4).
12
Let k(t) = 15*t**3 + 2*t**2 + t. Suppose c + 3*m = -14, 2*c - 4*m = 4 - 2. Let a = c - -4. Determine k(a).
-14
Let y(a) = -2*a - 9. Let r be y(-6). Suppose -r*b = 2*b. Let f(v) = -3*v**2 + v + 4. Let n(c) = -4*c**2 + 2*c + 5. Let o(g) = -3*f(g) + 2*n(g). Determine o(b).
-2
Let a(q) = 4*q**3 + 6*q**2 - 8*q - 2. Let s(z) = z**3 + z + 1. Let k be -2 - (-2 + -2) - 1. Let r(w) = k*a(w) - 3*s(w). Give r(-7).
23
Let u(k) = -4*k. Let m be u(2). Let l(v) = -2*v - 13. Let g be l(m). Let i(r) = 4*r + 2. Give i(g).
14
Let r = 2195 - 2195. Let h(i) = i - 1. Determine h(r).
-1
Let k(r) = 9 + 2 + 7*r - 21 + 4*r + 1. Give k(1).
2
Let j(k) = k**3 + 9*k**2 + 9*k + 5. Let s be 3/((-8)/20 - -1). Let i = -3 - s. Calculate j(i).
-3
Let n(f) = -f**2 - 5*f - 5. Let j(a) = a**2 + 4*a + 5. Let z(m) = -5*j(m) - 4*n(m). Suppose -25 = 3*y - 8*y. Let s = 5 - y. Determine z(s).
-5
Let h(b) = -575*b + 12641. Let f be h(22). Let q(a) = 2*a - 3*a - 3*a**3 - 9*a**2 + 2*a**3 - 13. What is q(f)?
-4
Let t = -1 - -1. Let o be t/(3 + (-2 - 0)). Let f(j) = -136 + 140 + o*j + j. Calculate f(0).
4
Let r(c) = 3*c**3 + c**2 - 4*c + 1. Let s(o) be the first derivative of -5*o**4/2 - 2*o**3/3 + 13*o**2/2 - 2*o - 7. Let k(u) = -7*r(u) - 2*s(u). What is k(-4)?
5
Let p(a) be the first derivative of a**3/3 + 7*a**2/2 - 11*a - 8. Let x be 30/45 + -2*(-13)/(-3). Determine p(x).
-3
Let d(y) be the third derivative of -35*y**4/24 + y**3/3 + 2*y**2 - 148. What is d(1)?
-33
Let k(l) = 2*l**2 - 4 - 7*l - l**2 + 3. Suppose -9 = -3*f - 3*m, 3*f - 6*f + 5*m = -25. What is k(f)?
-11
Let t = 39 - 39. Let s be 4/(2/(t + 1)). Let x(d) = -2*d - 6*d**s + 2 - 1 - 2 + 16*d**2. Determine x(-1).
11
Let h be 13 - 0 - (16 - 15). Let i(w) = 15 - 25 + w + h. Determine i(-7).
-5
Let q(n) = n**3 + 8*n**2 - 7*n - 2. Suppose 5*d + 4*a = 3*a - 49, 2*a - 28 = 4*d. What is q(d)?
-20
Let h(o) = 11*o - 1. Let p(a) = a**3 + 30*a**2 - 3*a - 86. Let y be p(-30). Let k(b) = b**2 - 4*b - 3. Let x be k(4). Let g = y + x. Give h(g).
10
Let p(v) = -5*v**2 - v. Let u(k) = -6*k + 1. Let x be 5/(30/(-4)) + 16/24. Let h be u(x). What is p(h)?
-6
Let b(r) = r**3 + 7*r**2 + 8*r + 3. Suppose -2*l - 5*t = 12 + 3, 4*l = t - 19. Let h(m) = m**2 + 5*m - 5. Let j be h(l). What is b(j)?
13
Let z(u) = -2*u**2 - 3 + 4 + 3*u**2 + 6*u. Suppose 10*y - 17*y + 105 = 0. Let i be (0 + y/20)*(-1 + -3). What is z(i)?
-8
Let h = 409 - 410. Let c(o) = -13*o**2 - 2*o - 1. Calculate c(h).
-12
Suppose 40 = 9*c - 95. Let r = 15 - 9. Let j be (2/(r/c))/(-1). Let q(g) = -g**3 - 6*g**2 - 2*g + 7. Determine q(j).
-8
Let r = -1071 + 1066. Let d(i) = -2*i - 11. What is d(r)?
-1
Let m(j) be the second derivative of j**4/12 + 5*j**3/6 + 5*j**2/2 + 52*j. Calculate m(-3).
-1
Let k(p) = -1 + p - 3*p + p. Suppose d + 10 = -4*g, -2*d - g = d + 19. Give k(d).
5
Let d(y) = 11*y**3 - 9*y**2 - 11*y - 13. Let k(a) = -2*a**3 + a**2 + a + 1. Let u(j) = d(j) + 5*k(j). Give u(6).
28
Let j(a) = a**3 + 9*a**2 + 17*a + 15. Suppose 16*o + 4*b - 11 = 17*o, 5*b = -4*o - 23. Calculate j(o).
-6
Let m(n) = 36*n**2 + 31*n**2 - 3*n - 66*n**2 + 1 + 2 - 2. Calculate m(8).
41
Let w(p) = p**2 - 7*p + 5. Let r = 130 + -75. Let i = r - 49. What is w(i)?
-1
Let q = -61 + 54. Let z(b) = 2*b**3 + 13*b**2 - 5*b + 12. Let a be z(q). Let k(f) = -4*f**2 + 2*f + 1. Give k(a).
-19
Let o(p) = p**3 - 7*p**2 + 2. Let u be o(7). Let y(g) = -13*g**2 - 12*g**2 + 27*g**2 - u*g + 8*g**3 + 1. Determine y(1).
9
Let c